{"id":1340,"date":"2021-12-14T13:51:01","date_gmt":"2021-12-14T12:51:01","guid":{"rendered":"https:\/\/marles-okna.com\/referenzen\/"},"modified":"2024-12-18T13:02:01","modified_gmt":"2024-12-18T12:02:01","slug":"referenzen","status":"publish","type":"page","link":"https:\/\/marles-okna.com\/de\/referenzen\/","title":{"rendered":"Referenzen"},"content":{"rendered":"<p>[vc_row container=&#8220;1&#8243; css=&#8220;.vc_custom_1638962029773{padding-top: 70px !important;padding-bottom: 70px !important;}&#8220;][vc_column][vc_custom_heading text=&#8220;Seit \u00fcber 30 Jahren&#8220; font_container=&#8220;tag:h6|font_size:16px|text_align:center|color:%239f9191&#8243; use_theme_fonts=&#8220;yes&#8220;][vc_custom_heading text=&#8220;REFERENZEN&#8220; font_container=&#8220;tag:h2|text_align:center&#8220; use_theme_fonts=&#8220;yes&#8220;][vc_separator color=&#8220;custom&#8220; border_width=&#8220;6&#8243; el_width=&#8220;10&#8243; accent_color=&#8220;#ff7d23&#8243;][vc_column_text]<\/p>\n<p style=\"text-align: center; font-weight: 300; line-height: 24px;\">Seit mehr als 30 Jahren stellen wir erfolgreich hochwertige Holzfenster her. Im Laufe der Jahre haben wir verschiedene Fensterlinien entwickelt und diese dadurch qualitativ aufgewertet, damit sie zu allen Baustilen passen.<\/p>\n<p>[\/vc_column_text][\/vc_column][\/vc_row][vc_row css=&#8220;.vc_custom_1731679257623{padding-right: 40px !important;padding-left: 40px !important;}&#8220;][vc_column css=&#8220;.vc_custom_1727255701085{padding-bottom: 40px !important;padding-left: 20px !important;}&#8220;][vc_custom_heading text=&#8220;NEUE GALERIE: Kooperation mit dem Architekturb\u00fcro OFIS arhitekti d. O. o., Fotoautor: Toma\u017e Gregori\u010d&#8220; font_container=&#8220;tag:h3|text_align:left&#8220; use_theme_fonts=&#8220;yes&#8220;][vc_custom_heading text=&#8220;Vila 3 Shoebox&#8220; font_container=&#8220;tag:h4|text_align:left&#8220; use_theme_fonts=&#8220;yes&#8220;][vc_gallery type=&#8220;image_grid&#8220; images=&#8220;1912,1914,1916,1918,1920,1923,1925,1927,1929&#8243; img_size=&#8220;medium&#8220;][vc_custom_heading text=&#8220;House step level&#8220; font_container=&#8220;tag:h4|text_align:left&#8220; use_theme_fonts=&#8220;yes&#8220;][vc_gallery type=&#8220;image_grid&#8220; images=&#8220;1949,1947,1945,1943,1941,1939,1937,1935,1933,1957,1959,1961,1963,1965,1967,1969,1971,1973,1975&#8243; img_size=&#8220;medium&#8220;][vc_custom_heading text=&#8220;Alpine Barn Apartment&#8220; font_container=&#8220;tag:h4|text_align:left&#8220; use_theme_fonts=&#8220;yes&#8220;][vc_gallery type=&#8220;image_grid&#8220; images=&#8220;1978,1988,1990,1992,1980,1982,1984,1986&#8243; img_size=&#8220;medium&#8220;][vc_empty_space][vc_custom_heading text=&#8220;GALERIE: gemischte Referenzen&#8220; use_theme_fonts=&#8220;yes&#8220;][vc_gallery type=&#8220;image_grid&#8220; images=&#8220;2013,2015,2017,2019,2021,2023,2025,2027,2029,2031,2033,2035,2037,2039,2041,2043,2045,2047,2049,2051,2053,2055,2057,2059,2064,2066,2068,2070,2072,2074,2076,2078,2080,2082,2084,2086,2088,2090,2095,2097,2099,2101,2103,2105,2107,2109,2111,2113,2115,2117,2119,2121,2123&#8243; img_size=&#8220;medium&#8220;][vc_empty_space][vc_custom_heading text=&#8220;GALERIE: gemischte Referenzen&#8220; use_theme_fonts=&#8220;yes&#8220;][vc_gallery type=&#8220;image_grid&#8220; images=&#8220;1786,1784,1788,1790,1792,1794,1796,1798,1800,1802,1804,1806,1808,1810,1812,1758,1730,1732,1324,1326,1328,1017,1015,1013,1010,1008,1006,1004,1002,999,1020,1021,1022,1023,1024,1025,1026,1027,1028,1029,1030,1031,1032,1592,1595,1597,1599,1602,1604,1606,1608,1618,1620,1623,1625,1627,1616,1613,1611&#8243; img_size=&#8220;medium&#8220;][vc_gallery type=&#8220;image_grid&#8220; images=&#8220;1867,1865,1863,1861,1859,1857,1855,1851,1849,1847,1845,1853&#8243; img_size=&#8220;medium&#8220;][\/vc_column][\/vc_row]<\/p>\n","protected":false},"excerpt":{"rendered":"<p>[vc_row container=&#8220;1&#8243; css=&#8220;.vc_custom_1638962029773{padding-top: 70px !important;padding-bottom: 70px !important;}&#8220;][vc_column][vc_custom_heading text=&#8220;Seit \u00fcber 30 Jahren&#8220; font_container=&#8220;tag:h6|font_size:16px|text_align:center|color:%239f9191&#8243; use_theme_fonts=&#8220;yes&#8220;][vc_custom_heading text=&#8220;REFERENZEN&#8220; font_container=&#8220;tag:h2|text_align:center&#8220; use_theme_fonts=&#8220;yes&#8220;][vc_separator color=&#8220;custom&#8220; border_width=&#8220;6&#8243; el_width=&#8220;10&#8243; accent_color=&#8220;#ff7d23&#8243;][vc_column_text] Seit mehr als 30 Jahren stellen wir erfolgreich hochwertige Holzfenster her. Im Laufe der Jahre haben wir verschiedene Fensterlinien entwickelt und diese dadurch qualitativ aufgewertet, damit sie zu allen Baustilen passen. [\/vc_column_text][\/vc_column][\/vc_row][vc_row css=&#8220;.vc_custom_1731679257623{padding-right: 40px !important;padding-left:<\/p>\n","protected":false},"author":1,"featured_media":0,"parent":0,"menu_order":0,"comment_status":"closed","ping_status":"closed","template":"tpl-visual_composer2.php","meta":{"inline_featured_image":false,"footnotes":""},"class_list":["post-1340","page","type-page","status-publish","hentry"],"yoast_head":"<!-- This site is optimized with the Yoast SEO plugin v27.7 - https:\/\/yoast.com\/product\/yoast-seo-wordpress\/ -->\n<title>Referenzen - Marles OKNA<\/title>\n<meta name=\"description\" content=\"Holz und Holz-ALU Fenster, Passive Fenster, Panoramaw\u00e4nde. Werfen Sie einen Blick auf die Referenzen und entscheiden Sie sich f\u00fcr Marles FENSTER.\" \/>\n<meta name=\"robots\" content=\"index, follow, max-snippet:-1, max-image-preview:large, max-video-preview:-1\" \/>\n<link rel=\"canonical\" href=\"https:\/\/marles-okna.com\/de\/referenzen\/\" \/>\n<meta property=\"og:locale\" content=\"de_DE\" \/>\n<meta property=\"og:type\" content=\"article\" \/>\n<meta property=\"og:title\" content=\"Referenzen - Marles OKNA\" \/>\n<meta property=\"og:description\" content=\"Holz und Holz-ALU Fenster, Passive Fenster, Panoramaw\u00e4nde. Werfen Sie einen Blick auf die Referenzen und entscheiden Sie sich f\u00fcr Marles FENSTER.\" \/>\n<meta property=\"og:url\" content=\"https:\/\/marles-okna.com\/de\/referenzen\/\" \/>\n<meta property=\"og:site_name\" content=\"Marles OKNA\" \/>\n<meta property=\"article:modified_time\" content=\"2024-12-18T12:02:01+00:00\" \/>\n<meta name=\"twitter:card\" content=\"summary_large_image\" \/>\n<meta name=\"twitter:label1\" content=\"Gesch\u00e4tzte Lesezeit\" \/>\n\t<meta name=\"twitter:data1\" content=\"1\u00a0Minute\" \/>\n<script type=\"application\/ld+json\" class=\"yoast-schema-graph\">{\"@context\":\"https:\\\/\\\/schema.org\",\"@graph\":[{\"@type\":\"WebPage\",\"@id\":\"https:\\\/\\\/marles-okna.com\\\/de\\\/referenzen\\\/\",\"url\":\"https:\\\/\\\/marles-okna.com\\\/de\\\/referenzen\\\/\",\"name\":\"Referenzen - Marles OKNA\",\"isPartOf\":{\"@id\":\"https:\\\/\\\/marles-okna.com\\\/de\\\/#website\"},\"datePublished\":\"2021-12-14T12:51:01+00:00\",\"dateModified\":\"2024-12-18T12:02:01+00:00\",\"description\":\"Holz und Holz-ALU Fenster, Passive Fenster, Panoramaw\u00e4nde. Werfen Sie einen Blick auf die Referenzen und entscheiden Sie sich f\u00fcr Marles FENSTER.\",\"breadcrumb\":{\"@id\":\"https:\\\/\\\/marles-okna.com\\\/de\\\/referenzen\\\/#breadcrumb\"},\"inLanguage\":\"de\",\"potentialAction\":[{\"@type\":\"ReadAction\",\"target\":[\"https:\\\/\\\/marles-okna.com\\\/de\\\/referenzen\\\/\"]}]},{\"@type\":\"BreadcrumbList\",\"@id\":\"https:\\\/\\\/marles-okna.com\\\/de\\\/referenzen\\\/#breadcrumb\",\"itemListElement\":[{\"@type\":\"ListItem\",\"position\":1,\"name\":\"Home\",\"item\":\"https:\\\/\\\/marles-okna.com\\\/de\\\/\"},{\"@type\":\"ListItem\",\"position\":2,\"name\":\"Referenzen\"}]},{\"@type\":\"WebSite\",\"@id\":\"https:\\\/\\\/marles-okna.com\\\/de\\\/#website\",\"url\":\"https:\\\/\\\/marles-okna.com\\\/de\\\/\",\"name\":\"Marles OKNA\",\"description\":\"Odprite dom naravi.\",\"potentialAction\":[{\"@type\":\"SearchAction\",\"target\":{\"@type\":\"EntryPoint\",\"urlTemplate\":\"https:\\\/\\\/marles-okna.com\\\/de\\\/?s={search_term_string}\"},\"query-input\":{\"@type\":\"PropertyValueSpecification\",\"valueRequired\":true,\"valueName\":\"search_term_string\"}}],\"inLanguage\":\"de\"}]}<\/script>\n<!-- \/ Yoast SEO plugin. -->","yoast_head_json":{"title":"Referenzen - Marles OKNA","description":"Holz und Holz-ALU Fenster, Passive Fenster, Panoramaw\u00e4nde. Werfen Sie einen Blick auf die Referenzen und entscheiden Sie sich f\u00fcr Marles FENSTER.","robots":{"index":"index","follow":"follow","max-snippet":"max-snippet:-1","max-image-preview":"max-image-preview:large","max-video-preview":"max-video-preview:-1"},"canonical":"https:\/\/marles-okna.com\/de\/referenzen\/","og_locale":"de_DE","og_type":"article","og_title":"Referenzen - Marles OKNA","og_description":"Holz und Holz-ALU Fenster, Passive Fenster, Panoramaw\u00e4nde. Werfen Sie einen Blick auf die Referenzen und entscheiden Sie sich f\u00fcr Marles FENSTER.","og_url":"https:\/\/marles-okna.com\/de\/referenzen\/","og_site_name":"Marles OKNA","article_modified_time":"2024-12-18T12:02:01+00:00","twitter_card":"summary_large_image","twitter_misc":{"Gesch\u00e4tzte Lesezeit":"1\u00a0Minute"},"schema":{"@context":"https:\/\/schema.org","@graph":[{"@type":"WebPage","@id":"https:\/\/marles-okna.com\/de\/referenzen\/","url":"https:\/\/marles-okna.com\/de\/referenzen\/","name":"Referenzen - Marles OKNA","isPartOf":{"@id":"https:\/\/marles-okna.com\/de\/#website"},"datePublished":"2021-12-14T12:51:01+00:00","dateModified":"2024-12-18T12:02:01+00:00","description":"Holz und Holz-ALU Fenster, Passive Fenster, Panoramaw\u00e4nde. Werfen Sie einen Blick auf die Referenzen und entscheiden Sie sich f\u00fcr Marles FENSTER.","breadcrumb":{"@id":"https:\/\/marles-okna.com\/de\/referenzen\/#breadcrumb"},"inLanguage":"de","potentialAction":[{"@type":"ReadAction","target":["https:\/\/marles-okna.com\/de\/referenzen\/"]}]},{"@type":"BreadcrumbList","@id":"https:\/\/marles-okna.com\/de\/referenzen\/#breadcrumb","itemListElement":[{"@type":"ListItem","position":1,"name":"Home","item":"https:\/\/marles-okna.com\/de\/"},{"@type":"ListItem","position":2,"name":"Referenzen"}]},{"@type":"WebSite","@id":"https:\/\/marles-okna.com\/de\/#website","url":"https:\/\/marles-okna.com\/de\/","name":"Marles OKNA","description":"Odprite dom naravi.","potentialAction":[{"@type":"SearchAction","target":{"@type":"EntryPoint","urlTemplate":"https:\/\/marles-okna.com\/de\/?s={search_term_string}"},"query-input":{"@type":"PropertyValueSpecification","valueRequired":true,"valueName":"search_term_string"}}],"inLanguage":"de"}]}},"_links":{"self":[{"href":"https:\/\/marles-okna.com\/de\/wp-json\/wp\/v2\/pages\/1340","targetHints":{"allow":["GET"]}}],"collection":[{"href":"https:\/\/marles-okna.com\/de\/wp-json\/wp\/v2\/pages"}],"about":[{"href":"https:\/\/marles-okna.com\/de\/wp-json\/wp\/v2\/types\/page"}],"author":[{"embeddable":true,"href":"https:\/\/marles-okna.com\/de\/wp-json\/wp\/v2\/users\/1"}],"replies":[{"embeddable":true,"href":"https:\/\/marles-okna.com\/de\/wp-json\/wp\/v2\/comments?post=1340"}],"version-history":[{"count":32,"href":"https:\/\/marles-okna.com\/de\/wp-json\/wp\/v2\/pages\/1340\/revisions"}],"predecessor-version":[{"id":2133,"href":"https:\/\/marles-okna.com\/de\/wp-json\/wp\/v2\/pages\/1340\/revisions\/2133"}],"wp:attachment":[{"href":"https:\/\/marles-okna.com\/de\/wp-json\/wp\/v2\/media?parent=1340"}],"curies":[{"name":"wp","href":"https:\/\/api.w.org\/{rel}","templated":true}]}}

<p>[vc_row container=&#8220;1&#8243; css=&#8220;.vc_custom_1638962029773{padding-top: 70px !important;padding-bottom: 70px !important;}&#8220;][vc_column][vc_custom_heading text=&#8220;Seit über 30 Jahren&#8220; font_container=&#8220;tag:h6|font_size:16px|text_align:center|color:%239f9191&#8243; use_theme_fonts=&#8220;yes&#8220;][vc_custom_heading text=&#8220;REFERENZEN&#8220; font_container=&#8220;tag:h2|text_align:center&#8220; use_theme_fonts=&#8220;yes&#8220;][vc_separator color=&#8220;custom&#8220; border_width=&#8220;6&#8243; el_width=&#8220;10&#8243; accent_color=&#8220;#ff7d23&#8243;][vc_column_text]</p>
<p style="text-align: center; font-weight: 300; line-height: 24px;">Seit mehr als 30 Jahren stellen wir erfolgreich hochwertige Holzfenster her. Im Laufe der Jahre haben wir verschiedene Fensterlinien entwickelt und diese dadurch qualitativ aufgewertet, damit sie zu allen Baustilen passen.</p>
<p>[/vc_column_text][/vc_column][/vc_row][vc_row css=&#8220;.vc_custom_1731679257623{padding-right: 40px !important;padding-left: 40px !important;}&#8220;][vc_column css=&#8220;.vc_custom_1727255701085{padding-bottom: 40px !important;padding-left: 20px !important;}&#8220;][vc_custom_heading text=&#8220;NEUE GALERIE: Kooperation mit dem Architekturbüro OFIS arhitekti d. O. o., Fotoautor: Tomaž Gregorič&#8220; font_container=&#8220;tag:h3|text_align:left&#8220; use_theme_fonts=&#8220;yes&#8220;][vc_custom_heading text=&#8220;Vila 3 Shoebox&#8220; font_container=&#8220;tag:h4|text_align:left&#8220; use_theme_fonts=&#8220;yes&#8220;][vc_gallery type=&#8220;image_grid&#8220; images=&#8220;1912,1914,1916,1918,1920,1923,1925,1927,1929&#8243; img_size=&#8220;medium&#8220;][vc_custom_heading text=&#8220;House step level&#8220; font_container=&#8220;tag:h4|text_align:left&#8220; use_theme_fonts=&#8220;yes&#8220;][vc_gallery type=&#8220;image_grid&#8220; images=&#8220;1949,1947,1945,1943,1941,1939,1937,1935,1933,1957,1959,1961,1963,1965,1967,1969,1971,1973,1975&#8243; img_size=&#8220;medium&#8220;][vc_custom_heading text=&#8220;Alpine Barn Apartment&#8220; font_container=&#8220;tag:h4|text_align:left&#8220; use_theme_fonts=&#8220;yes&#8220;][vc_gallery type=&#8220;image_grid&#8220; images=&#8220;1978,1988,1990,1992,1980,1982,1984,1986&#8243; img_size=&#8220;medium&#8220;][vc_empty_space][vc_custom_heading text=&#8220;GALERIE: gemischte Referenzen&#8220; use_theme_fonts=&#8220;yes&#8220;][vc_gallery type=&#8220;image_grid&#8220; images=&#8220;2013,2015,2017,2019,2021,2023,2025,2027,2029,2031,2033,2035,2037,2039,2041,2043,2045,2047,2049,2051,2053,2055,2057,2059,2064,2066,2068,2070,2072,2074,2076,2078,2080,2082,2084,2086,2088,2090,2095,2097,2099,2101,2103,2105,2107,2109,2111,2113,2115,2117,2119,2121,2123&#8243; img_size=&#8220;medium&#8220;][vc_empty_space][vc_custom_heading text=&#8220;GALERIE: gemischte Referenzen&#8220; use_theme_fonts=&#8220;yes&#8220;][vc_gallery type=&#8220;image_grid&#8220; images=&#8220;1786,1784,1788,1790,1792,1794,1796,1798,1800,1802,1804,1806,1808,1810,1812,1758,1730,1732,1324,1326,1328,1017,1015,1013,1010,1008,1006,1004,1002,999,1020,1021,1022,1023,1024,1025,1026,1027,1028,1029,1030,1031,1032,1592,1595,1597,1599,1602,1604,1606,1608,1618,1620,1623,1625,1627,1616,1613,1611&#8243; img_size=&#8220;medium&#8220;][vc_gallery type=&#8220;image_grid&#8220; images=&#8220;1867,1865,1863,1861,1859,1857,1855,1851,1849,1847,1845,1853&#8243; img_size=&#8220;medium&#8220;][/vc_column][/vc_row]</p>

<p>[vc_row container=&#8220;1&#8243; css=&#8220;.vc_custom_1638962029773{padding-top: 70px !important;padding-bottom: 70px !important;}&#8220;][vc_column][vc_custom_heading text=&#8220;Seit über 30 Jahren&#8220; font_container=&#8220;tag:h6|font_size:16px|text_align:center|color:%239f9191&#8243; use_theme_fonts=&#8220;yes&#8220;][vc_custom_heading text=&#8220;REFERENZEN&#8220; font_container=&#8220;tag:h2|text_align:center&#8220; use_theme_fonts=&#8220;yes&#8220;][vc_separator color=&#8220;custom&#8220; border_width=&#8220;6&#8243; el_width=&#8220;10&#8243; accent_color=&#8220;#ff7d23&#8243;][vc_column_text] Seit mehr als 30 Jahren stellen wir erfolgreich hochwertige Holzfenster her. Im Laufe der Jahre haben wir verschiedene Fensterlinien entwickelt und diese dadurch qualitativ aufgewertet, damit sie zu allen Baustilen passen. [/vc_column_text][/vc_column][/vc_row][vc_row css=&#8220;.vc_custom_1731679257623{padding-right: 40px !important;padding-left:</p>

<!-- This site is optimized with the Yoast SEO plugin v27.7 - https://yoast.com/product/yoast-seo-wordpress/ -->
<title>Referenzen - Marles OKNA</title>
<meta name="description" content="Holz und Holz-ALU Fenster, Passive Fenster, Panoramawände. Werfen Sie einen Blick auf die Referenzen und entscheiden Sie sich für Marles FENSTER." />
<meta name="robots" content="index, follow, max-snippet:-1, max-image-preview:large, max-video-preview:-1" />
<link rel="canonical" href="https://marles-okna.com/de/referenzen/" />
<meta property="og:locale" content="de_DE" />
<meta property="og:type" content="article" />
<meta property="og:title" content="Referenzen - Marles OKNA" />
<meta property="og:description" content="Holz und Holz-ALU Fenster, Passive Fenster, Panoramawände. Werfen Sie einen Blick auf die Referenzen und entscheiden Sie sich für Marles FENSTER." />
<meta property="og:url" content="https://marles-okna.com/de/referenzen/" />
<meta property="og:site_name" content="Marles OKNA" />
<meta property="article:modified_time" content="2024-12-18T12:02:01+00:00" />
<meta name="twitter:card" content="summary_large_image" />
<meta name="twitter:label1" content="Geschätzte Lesezeit" />
	<meta name="twitter:data1" content="1 Minute" />
<script type="application/ld+json" class="yoast-schema-graph">{"@context":"https:\/\/schema.org","@graph":[{"@type":"WebPage","@id":"https:\/\/marles-okna.com\/de\/referenzen\/","url":"https:\/\/marles-okna.com\/de\/referenzen\/","name":"Referenzen - Marles OKNA","isPartOf":{"@id":"https:\/\/marles-okna.com\/de\/#website"},"datePublished":"2021-12-14T12:51:01+00:00","dateModified":"2024-12-18T12:02:01+00:00","description":"Holz und Holz-ALU Fenster, Passive Fenster, Panoramawände. Werfen Sie einen Blick auf die Referenzen und entscheiden Sie sich für Marles FENSTER.","breadcrumb":{"@id":"https:\/\/marles-okna.com\/de\/referenzen\/#breadcrumb"},"inLanguage":"de","potentialAction":[{"@type":"ReadAction","target":["https:\/\/marles-okna.com\/de\/referenzen\/"]}]},{"@type":"BreadcrumbList","@id":"https:\/\/marles-okna.com\/de\/referenzen\/#breadcrumb","itemListElement":[{"@type":"ListItem","position":1,"name":"Home","item":"https:\/\/marles-okna.com\/de\/"},{"@type":"ListItem","position":2,"name":"Referenzen"}]},{"@type":"WebSite","@id":"https:\/\/marles-okna.com\/de\/#website","url":"https:\/\/marles-okna.com\/de\/","name":"Marles OKNA","description":"Odprite dom naravi.","potentialAction":[{"@type":"SearchAction","target":{"@type":"EntryPoint","urlTemplate":"https:\/\/marles-okna.com\/de\/?s={search_term_string}"},"query-input":{"@type":"PropertyValueSpecification","valueRequired":true,"valueName":"search_term_string"}}],"inLanguage":"de"}]}</script>
<!-- / Yoast SEO plugin. -->

Holz und Holz-ALU Fenster, Passive Fenster, Panoramawände. Werfen Sie einen Blick auf die Referenzen und entscheiden Sie sich für Marles FENSTER.
